448?
False
Is 1671 a factor of 109864535?
False
Is 458 a factor of 32059673?
False
Is 15 a factor of 206156205?
True
Does 266 divide 38317300?
True
Is 9562540 even?
True
Does 25 divide 211408196?
False
Does 1524 divide 357036259?
False
Is 550 a factor of 854421150?
True
Is 80 a factor of 5230369?
False
Is 264141932 a multiple of 372?
False
Is 24631324 a multiple of 164?
True
Is 5 a factor of 8003429?
False
Does 30 divide 352215720?
True
Is 90587392 a multiple of 8?
True
Is 18649926 a multiple of 34?
False
Is 3551 a factor of 171889216?
False
Does 380 divide 646633460?
True
Does 9 divide 983293488?
True
Is 74043024 a multiple of 528?
True
Is 486 a factor of 392797350?
True
Is 15 a factor of 40706088?
False
Does 11 divide 23952797?
True
Does 211 divide 1961852?
False
Is 6302 a factor of 1862159074?
True
Does 15 divide 49408170?
True
Is 1163598210 a multiple of 6?
True
Does 20 divide 12060437?
False
Is 44147000 a multiple of 655?
True
Is 23190340 a multiple of 20?
True
Is 293 a factor of 10780815?
False
Does 4 divide 7659865?
False
Is 471 a factor of 268382865?
True
Is 824 a factor of 3335769536?
True
Is 117458400 a multiple of 144?
False
Is 16 a factor of 52620784?
True
Is 44804211 a multiple of 2583?
False
Does 6 divide 1575032370?
True
Is 108 a factor of 48330432?
True
Is 297 a factor of 719434220?
False
Does 7 divide 54554864?
True
Does 180 divide 23264820?
True
Does 376 divide 55627696?
True
Is 175 a factor of 125920260?
False
Is 17 a factor of 301781008?
True
Is 725 a factor of 538803766?
False
Does 154 divide 788951856?
True
Is 2 a factor of 2996541?
False
Is 41307323 a multiple of 2122?
False
Is 52 a factor of 13874016?
True
Is 242088024 a multiple of 51?
True
Does 17 divide 208329891?
False
Does 51 divide 553768755?
False
Is 895496203 a multiple of 54?
False
Is 36156560 a multiple of 880?
True
Is 150214909 a multiple of 2989?
False
Is 49897365 a multiple of 223?
True
Is 1601 a factor of 15628962?
True
Is 9 a factor of 24159413?
False
Is 207520657 a multiple of 4?
False
Does 15 divide 305582655?
True
Is 163044035 a multiple of 35?
True
Does 16 divide 22219952?
True
Does 765 divide 41651323?
False
Does 1599 divide 137202796?
False
Is 807113978 a multiple of 3?
False
Is 52721420 a multiple of 493?
True
Is 3294 a factor of 4217548?
False
Is 51 a factor of 13980642?
False
Is 10 a factor of 203221297?
False
Is 132 a factor of 2058804?
True
Does 2573 divide 25845785?
True
Is 3649632 a multiple of 42?
True
Does 168 divide 75503403?
False
Is 4306919 a multiple of 108?
False
Does 5 divide 5025293?
False
Does 4 divide 152196136?
True
Is 116 a factor of 1098289543?
False
Does 1459 divide 318831347?
False
Is 15119154 a multiple of 11?
False
Is 662 a factor of 356480445?
False
Is 266873607 a multiple of 819?
True
Is 109 a factor of 34376147?
False
Is 55 a factor of 74983425?
True
Is 948 a factor of 126904020?
True
Is 152 a factor of 97247016?
True
Is 264 a factor of 1771267940?
False
Is 2934 a factor of 105216024?
False
Is 27112848 a multiple of 8?
True
Is 401 a factor of 1871490039?
False
Does 378 divide 14476644?
True
Does 2084 divide 3091876584?
True
Is 13 a factor of 45370858?
True
Does 15 divide 171198090?
True
Is 54 a factor of 262646928?
True
Is 1712556475 a multiple of 89?
False
Does 11 divide 22869011?
True
Does 4133 divide 729419640?
False
Does 4 divide 15395018?
False
Does 21 divide 6543997?
False
Does 497 divide 216995170?
True
Is 57539870 a multiple of 4?
False
Is 406721024 a multiple of 1104?
False
Is 188327040 a multiple of 640?
True
Is 42130033 a multiple of 191?
False
Does 214 divide 154583756?
True
Does 121 divide 42706071?
False
Is 26662773 a multiple of 3?
True
Is 1256802 a multiple of 899?
True
Is 7 a factor of 9989756?
True
Does 14077 divide 1593840171?
True
Does 1315 divide 18828170?
True
Is 40 a factor of 1052688244?
False
Is 73 a factor of 26539283?
False
Is 132608897 a multiple of 52?
False
Is 14 a factor of 231114576?
True
Is 125 a factor of 39317500?
True
Is 462083323 a multiple of 227?
False
Does 1813 divide 88971162?
True
Does 213 divide 3654633339?
True
Does 22 divide 41928733?
False
Is 4148893736 a multiple of 52?
True
Does 2436 divide 31569720?
False
Is 87 a factor of 564923822?
False
Does 56 divide 247146351?
False
Is 69369090 a multiple of 6?
True
Is 72496229 a multiple of 35?
False
Is 1952972748 a multiple of 879?
True
Is 525 a factor of 189208337?
False
Is 14323756 a multiple of 21?
False
Does 165 divide 148929660?
True
Does 1871 divide 65243641?
True
Does 1481 divide 84129824?
False
Does 22 divide 676991489?
False
Does 208 divide 953468169?
False
Does 28 divide 677628?
True
Is 8968743 a multiple of 87?
True
Does 32 divide 1643928773?
False
Does 43 divide 23801317?
True
Is 7833400 a multiple of 20?
True
Is 60782765 a multiple of 804?
False
Does 55 divide 126845155?
False
Does 91 divide 20257328?
True
Is 177 a factor of 2360158611?
False
Is 182 a factor of 3853420?
False
Is 1564916 a multiple of 76?
True
Does 5164 divide 1699384612?
True
Is 192 a factor of 189258817?
False
Does 210 divide 624795764?
False
Does 27 divide 181286852?
False
Is 21 a factor of 3952178009?
False
Is 1550 a factor of 1198588650?
True
Is 7 a factor of 93198474?
False
Does 391 divide 500352925?
True
Does 2077 divide 28957534?
True
Does 71 divide 2195095?
False
Is 1522258834 a multiple of 11086?
False
Is 37797900 a multiple of 861?
True
Is 5 a factor of 7493435?
True
Is 953542306 a multiple of 91?
False
Does 41 divide 35025948?
False
Is 16 a factor of 676332512?
True
Is 47545285 a multiple of 109?
False
Does 616 divide 1142072337?
False
Does 38 divide 14099793?
False
Is 12248 a factor of 7101635360?
True
Does 66 divide 7264821?
False
Does 4 divide 348445000?
True
Is 139023110 a multiple of 17?
True
Is 329451762 a multiple of 466?
False
Is 4994 a factor of 180548082?
True
Is 1523219044 a multiple of 82?
True
Does 14 divide 95855855?
False
Is 213 a factor of 398939628?
True
Is 4055 a factor of 49402065?
True
Is 793460965 a multiple of 69?
False
Does 177 divide 181125417?
False
Is 277981229 a multiple of 323?
True
Is 1339752 a multiple of 24?
True
Is 282437952 a multiple of 109?
False
Is 65 a factor of 29460287?
False
Is 9 a factor of 1182627297?
True
Is 47306075 a multiple of 49?
False
Does 1624 divide 474901177?
False
Is 9544410 a multiple of 45?
True
Is 8 a factor of 65609032?
True
Is 72 a factor of 18677448?
True
Does 679 divide 49362806?
False
Is 3740576048 a multiple of 656?
False
Is 3 a factor of 268001592?
True
Is 89 a factor of 18164544?
True
Is 4618112 a multiple of 55?
False
Is 113 a factor of 49400644?
False
Is 243109107 a multiple of 117?
False
Is 26 a factor of 756917538?
True
Is 174 a factor of 6422038448?
False
Is 696 a factor of 6864792?
False
Does 420 divide 180093900?
True
Is 96 a factor of 431707392?
True
Is 36 a factor of 26713569?
False
Is 364857273 a multiple of 99?
True
Does 11 divide 63108319?
False
Is 514 a factor of 595417086?
True
Does 83 divide 39270454?
True
Is 1602414198 a multiple of 54?
True
Does 18 divide 22357772?
False
Does 15 divide 57673808?
False
Does 41 divide 2192153862?
False
Is 83 a factor of 6578746?
True
Is 259 a factor of 287749?
True
Is 291569438 a multiple of 11?
False
Does 139 divide 528581972?
True
Does 2887 divide 2014818297?
False
Is 3 a factor of 12302512?
False
Does 29 divide 674418134?
False
Is 380270722 a multiple of 221?
True
Does 1329 divide 153770616?
True
Does 621 divide 2774246706?
True
Is 4747 a factor of 96752794?
False
Is 21679572 a multiple of 742?
False
Is 5204325 a multiple of 1293?
True
Does 6 divide 22115844?
True
Is 65 a factor of 116567153?
False
Does 805 divide 285816117?
False
Does 92 divide 1535204?
True
Is 43250340 a multiple of 2303?
True
Is 6430284 a multiple of 76?
True
Does 3264 divide 127925952?
True
Does 996 divide 70756836?
True
Does 1702 divide 351502146?
True
Is 76 a factor of 18748288?
True
Is 716 a factor of 56055642?
False
Does 34 divide 192537988?
True
Does 20 divide 286493089?
False
Does 771 divide 6612946?
False
Is 61569177 a multiple of 3?
True
Is 41 a factor of 1169443697?
True
Does 16 divide 13018516?
False
Is 45192108 a multiple of 38?
True
Is 348826936 a multiple of 9?
False
Is 194330371 a multiple of 39?
False
Is 29021473 a multiple of 6?
False
Doe